 - 3324511?
-3325153
In base 3, what is -11 - -12110121101201?
12110121101120
In base 16, what is 163d9 + 19a?
16573
In base 15, what is 1 - b7d2b?
-b7d2a
In base 16, what is 160 - -633f?
649f
In base 16, what is -1 + 16ba38?
16ba37
In base 14, what is -26813d - -35?
-268108
In base 14, what is -d - 98db6?
-98dc5
In base 13, what is -39 - -71047?
7100b
In base 10, what is 3 + 3877219?
3877222
In base 15, what is 171 + -33b81?
-33a10
In base 13, what is 1 - -11b6528?
11b6529
In base 5, what is 11121 + -12421?
-1300
In base 4, what is -11123013 + -1323202?
-13112221
In base 10, what is 1753219 - 137?
1753082
In base 15, what is -94011db + -4?
-94011e0
In base 6, what is 323041112 + 1?
323041113
In base 15, what is 7ded0 - 49?
7de86
In base 15, what is 509 + -18c19?
-18710
In base 7, what is -21 + 105223544?
105223523
In base 13, what is -552 - 51579?
-51acb
In base 4, what is -10 + -13132121322?
-13132121332
In base 9, what is 4 + -11483164?
-11483160
In base 5, what is 1 - 30432343233?
-30432343232
In base 9, what is 22 - 31585575?
-31585553
In base 4, what is -112030221323 - 10?
-112030221333
In base 6, what is 3155 - 2353252?
-2350053
In base 11, what is 5 + 811880?
811885
In base 15, what is -198ad3 + -a1?
-198b84
In base 10, what is -8425 + 91?
-8334
In base 8, what is -4 - -17700176?
17700172
In base 11, what is 4 + 16079a02?
16079a06
In base 5, what is -330113423 + 1102?
-330112321
In base 4, what is -32 + -2110313220?
-2110313312
In base 8, what is -12564302 + -34?
-12564336
In base 6, what is -401212 + 423?
-400345
In base 11, what is -241 - 906464?
-9066a5
In base 14, what is -13c6041 - -4?
-13c603b
In base 11, what is -8 + 888299?
888291
In base 6, what is 530 + 54204?
55134
In base 11, what is 288489123 - 1?
288489122
In base 5, what is 10 + -2004032410?
-2004032400
In base 5, what is 44 - 1131101001?
-1131100402
In base 14, what is -43a + 6aa77?
6a63b
In base 14, what is -5 + -a0ac42?
-a0ac47
In base 15, what is 185 - -81c0?
8355
In base 2, what is -11101001011101101101011 - 101?
-11101001011101101110000
In base 13, what is 2689573 - -8?
268957b
In base 7, what is -2 - -6615334?
6615332
In base 16, what is 3dd672 - e?
3dd664
In base 5, what is 423210 + 11443302?
12422012
In base 12, what is b3 + 2837?
292a
In base 7, what is -155 - -13510053?
13506565
In base 6, what is -25422 + 1150125?
1120303
In base 15, what is -8d + 8d563?
8d4c5
In base 3, what is 11220121201 + 12100?
11220211001
In base 12, what is -1 - 27841a?
-27841b
In base 8, what is 100102305 - 10?
100102275
In base 10, what is 3 - 62805745?
-62805742
In base 3, what is -111122100121222 + 2101?
-111122100112121
In base 16, what is 217e8 + b58?
22340
In base 16, what is -221 + 17056?
16e35
In base 15, what is aa - 3e5b?
-3da1
In base 3, what is -12000 + 111012120021?
111012101021
In base 12, what is -2 + -11112a9?
-11112ab
In base 14, what is 38b685 - 0?
38b685
In base 3, what is 122022211120 + 20112?
122100002002
In base 13, what is 7a + 73245b?
732508
In base 13, what is 5 - 3a8236?
-3a8231
In base 14, what is 162dac1d - 0?
162dac1d
In base 15, what is -c488 + -2329?
-e7b2
In base 3, what is 221010 + -20200120200?
-20122122120
In base 7, what is 4 - -535320252?
535320256
In base 9, what is 78 - -501085?
501174
In base 11, what is 88589388 - 2?
88589386
In base 3, what is -1220201012 - -1112010?
-1212012002
In base 5, what is -3 + -103222243440?
-103222243443
In base 7, what is -46520533 - 0?
-46520533
In base 14, what is 5a + -1daadd?
-1daa83
In base 7, what is -1 - -23013561?
23013560
In base 4, what is -102323 + 23101000?
22332011
In base 11, what is -61 + 3a276?
3a215
In base 11, what is 121365 - -95?
12144a
In base 5, what is -22 + 40020032?
40020010
In base 5, what is 240 + 14020?
14310
In base 13, what is -281a6 - 56?
-2822c
In base 13, what is 4c400 + -20?
4c3b0
In base 4, what is 133233 + 3021021?
3220320
In base 12, what is 4 - 107b9ba?
-107b9b6
In base 6, what is 1 - 41215424435?
-41215424434
In base 11, what is -4 - -2a16677?
2a16673
In base 2, what is -11001001010000 - 101101?
-11001001111101
In base 11, what is -2 - 1213671a8?
-1213671aa
In base 14, what is -24200 + 2d?
-241b1
In base 2, what is 11000 - 1110000101110001000?
-1110000101101110000
In base 13, what is -2 + -2c27a3c?
-2c27a41
In base 3, what is -11 - 2222001102001011?
-2222001102001022
In base 14, what is -142235 + -8?
-14223d
In base 4, what is -31211202 + -1333?
-31213201
In base 7, what is 1041 - 1350025?
-1345654
In base 3, what is 1 - 11202122220111?
-11202122220110
In base 5, what is -23044412 + 131001?
-22413411
In base 4, what is 2 - -133011030001?
133011030003
In base 8, what is 34517 - -16602?
53321
In base 14, what is 214d347 + -a?
214d33b
In base 12, what is 11786 + -32?
11754
In base 4, what is -3033222 + 1032?
-3032130
In base 12, what is -90 + -2bb02?
-2bb92
In base 11, what is 105443 + 431?
105874
In base 11, what is 187079586 - 5?
187079581
In base 5, what is -32104 + -210023?
-242132
In base 8, what is -4 - 204623405?
-204623411
In base 15, what is -150 - -97b?
82b
In base 11, what is 1a49 - 105571?
-103623
In base 7, what is 3 + 121531625?
121531631
In base 13, what is -17b0 + -625?
-2105
In base 16, what is 15a8382 - 0?
15a8382
In base 11, what is 699 + 25523?
26111
In base 7, what is -13445 - 254033?
-300511
In base 16, what is -1f534c - 0?
-1f534c
In base 13, what is 983 + b5c4?
c277
In base 13, what is 22 - 11cc096?
-11cc074
In base 4, what is 33011133 - 301?
33010232
In base 13, what is -4ac6 + 54?
-4a72
In base 14, what is b28 - a7c5?
-9a9b
In base 7, what is 3 - -24234440?
24234443
In base 10, what is -206 + -6908?
-7114
In base 15, what is 20e + -13972c?
-13951d
In base 10, what is 5 + 128473492?
128473497
In base 3, what is 21120101210111 - -1202?
21120101212020
In base 14, what is 55 + 11d6b92?
11d6c07
In base 6, what is -2323011 + -41?
-2323052
In base 8, what is 35 - 47261571?
-47261534
In base 3, what is 20020 - -11100000001?
11100020021
In base 16, what is -a + -10ca6c2?
-10ca6cc
In base 11, what is -560 - 2682a?
-2728a
In base 4, what is -201111031120321 - 2?
-201111031120323
In base 13, what is 529a3b - 68?
5299a3
In base 2, what is 1010011011010110000100 + 0?
1010011011010110000100
In base 6, what is -331550 + 20054?
-311452
In base 16, what is -8e + -15de?
-166c
In base 2, what is 10000 - -10000011011001101001000?
10000011011001101011000
In base 16, what is ff - -3eb8?
3fb7
In base 7, what is 265 - 11634?
-11336
In base 11, what is -9020 - 56430?
-64450
In base 3, what is -2001022 - -101202110210?
101200102111
In base 15, what is 109b7 - 86?
10931
In base 6, what is -243534 + 1225?
-242305
In base 9, what is -7065 - -7335?
260
In base 9, what is -518035 - -265?
-517660
In base 11, what is 8893343a + -8?
88933432
In base 6, what is -5 - 402513552?
-402514001
In base 12, what is -5 - -922312?
922309
In base 2, what is -1100001111110100100000 - -1011111?
-1100001111110011000001
In base 4, what is 203223031213 + 11?
203223031230
In base 2, what is -101 + 111010000100011010000?
111010000100011001011
In base 2, what is 11 - 1010111000110111111100110010?
-1010111000110111111100101111
In base 11, what is -7437 - 94?
-7520
In base 10, what is -55489 + -1404?
-56893
In base 4, what is -3 - -221333021303?
221333021300
In base 16, what is -4f4c7 - ae?
-4f575
In base 5, what is 204 + -10014224213?
-10014224004
In base 2, what is 1001100 - 1100001010010011?
-1100001001000111
In base 16, what is -7f40c6 - 5?
-7f40cb
In base 7, what is 231 + -30214?
-26653
In base 15, what is -1 + -3be143?
-3be144
In base 15, what is 2 + -8ae29?
-8ae27
In base 12, what is 3947196 - -a?
39471a4
In base 15, what is 1 + 5025ccb?
5025ccc
In base 11, what is 4799960 - 3?
4799958
In base 11, what is a275505 - -3?
a275508
In base 12, what is -2 - -4823aa9?
4823aa7
In base 13, what is -25 - -224906?
2248b1
In base 13, what is 88c + -46499?
-4590a
In base 15, what is 1d03a81 - -4?
1d03a85
In base 15, what is -107a6 - e4?
-1089a
In base 14, what is -cdd - -c6?
-c17
In base 3, what is -2222220000021 + -2?
-2222220000100
In base 9, what is 175658874 - 8?
175658865
In base 2, what is -1010 + 10101110000110011?
10101110000101001
In base 4, what is -102301321 - -20?
-102301301
In base 12, what is -37a2